0 - 96/(-10)?
9
Suppose 3*f + 11 = d - 2*d, -2*d + 5*f = -33. Suppose -2*z = 4*n - 48, 0 = z - 2*z + d. Calculate the remainder when 18 is divided by n.
8
Let g(n) = n**3 - 9*n**2 - 1. Let o be g(9). Suppose -2*a = 6 - 68. Calculate the remainder when a is divided by (1 + 3)*(o - -3).
7
Calculate the remainder when 269 is divided by 209/7 + (24/21)/8.
29
Suppose 5*s - 18 = 57. Let r = 34 + 97. Suppose 43 = 3*u - r. Calculate the remainder when u is divided by s.
13
Let t be 6/4 + (-30)/(-12) + 1. Suppose -t*f + 130 = -195. Calculate the remainder when f is divided by 24.
17
Let l = -18 + 37. Let u(s) = -s**2 - 2*s + 50. Calculate the remainder when u(0) is divided by l.
12
Let f(g) = -65*g**3 - g**2 - 8*g - 7. Calculate the remainder when f(-1) is divided by 11.
10
Let z be (18 - -2) + 0 + 0. Let s = z + 13. What is the remainder when s is divided by 27/2 - (-24)/(-16)?
9
Let o be (-5)/(-20) + 7/4. Suppose -4*y = 4*p + y - 3, 0 = -o*p - 4*y - 6. Calculate the remainder when 26 is divided by p.
5
Suppose 2*s + 0*s = -8. Let k = -163 + 176. What is the remainder when 3/(6/s) + 26 is divided by k?
11
Let m(f) = -f + 12. Let u be m(0). Let v be (-40)/u*12/(-20). Calculate the remainder when (v/(-3))/((-24)/1548) is divided by 23.
20
Let n(j) = j**3 - 15*j**2 + j - 11. Let l be n(15). Let v = l + 8. What is the remainder when (-1290)/(-18) - v/(-9) is divided by 26?
21
Suppose -1236 = -7*h - 11. Calculate the remainder when h is divided by 59.
57
Suppose z - 4*z + 9 = 0. Suppose -2*t = -z*t + 34. Let h = 77 + -59. Calculate the remainder when t is divided by h.
16
Suppose 3327 = 20*a - 3593. Calculate the remainder when a is divided by 14.
10
Let i = 4129 + -4125. Let t(f) = f**2 + f + 15. What is the remainder when t(0) is divided by i?
3
Let k = -10 + 7. Suppose 37 = 4*l - 19. Calculate the remainder when l is divided by k/2*(-30)/9.
4
Let c(n) = -6*n - 36. Let s(p) = p**3 - 4*p**2 + 3. Let a be 2*1 + 2/1. Calculate the remainder when c(-7) is divided by s(a).
0
Suppose 5*s + 555 = 2480. Calculate the remainder when s is divided by 78.
73
Suppose -f = -3*o - 247, -o - 861 = -4*f + 127. What is the remainder when f is divided by 64?
55
Let k = -2140 + 2145. What is the remainder when 308 is divided by k?
3
Let f be (-22)/(-12) + (-6)/(-36). Let w be ((-24)/40)/(f/10). What is the remainder when 38 is divided by 670/70 + w/(-7)?
8
Suppose 5*z + 92 = 177. Suppose z + 367 = 16*h. What is the remainder when h is divided by 7?
3
What is the remainder when 93 is divided by 3/(-2) + 459/18?
21
What is the remainder when 13 is divided by ((-152)/(-190))/((-4)/(-50))?
3
Suppose -15 = -5*c - 0. Suppose 0 = -n - 5*g + 27, 3*g - 21 = -c*n - 0*g. Suppose -n*p + 5*p - 45 = 0. Calculate the remainder when 74 is divided by p.
14
Let n = 6 + -6. Suppose n = -2*c - 5*q + 211, 2*c - 86 - 131 = -3*q. Calculate the remainder when c is divided by 29.
26
Suppose 5*b + 232 = 2*b + 5*a, -3*a = -5*b - 376. Calculate the remainder when (-1 - b) + (-40)/10 is divided by 14.
13
Suppose 43*l - 15 = 40*l. Suppose 7*p - 4*p = 9. Suppose -p*t + 45 = 2*t. What is the remainder when t is divided by l?
4
Let j(a) = a**2 + 4*a - 1. Let m = 283 - 270. Calculate the remainder when m is divided by j(-5).
1
Calculate the remainder when 28 is divided by (-2)/(1 - 3) - (-4 + 0).
3
Let i = -2224 - -2230. Calculate the remainder when 20 is divided by i.
2
What is the remainder when 175 is divided by (414/(-45))/(-1 + (-6)/(-10))?
14
Suppose -2*a = -x - 97, -a + 2*x + 73 - 29 = 0. Calculate the remainder when a is divided by 27.
23
Let q(c) = -c**3 - 4*c**2 + 21*c + 25. Suppose -3*u = 15, -3*g - 5*u = -96 + 19. Calculate the remainder when g is divided by q(-7).
9
Suppose 5*r = -10, 4*m - 63 - 43 = 3*r. What is the remainder when 85 is divided by m?
10
Calculate the remainder when (2*(-7)/14)/(2/(-3826)) is divided by 22.
21
Let n = 1 + 1. Suppose 5*j - 188 = -4*a, j + 2*j + 72 = n*a. What is the remainder when a is divided by 17?
8
Let i = -75 + 82. What is the remainder when 46 is divided by i?
4
Suppose -4*g + 304 = -4*b, 267 - 23 = 3*g + 5*b. Suppose -80 = g*z - 83*z. What is the remainder when 31 is divided by z?
15
Calculate the remainder when 4 is divided by ((-44)/8 + 4)/(3/(-6)).
1
Suppose -5*z + 2*r + 49 + 43 = 0, -3*r - 3 = 0. Suppose -2*t - 44 = -3*o, -2*o + o - t = -z. Calculate the remainder when 12/(-4) - (-50 - -1) is divided by o.
14
Let t = 49 - 75. Let u = 78 - 40. Let c = t + u. What is the remainder when c is divided by 5?
2
Suppose 0 = -3*j - 3, -3*u = -5*j - 29 - 39. Let l(q) = 6*q - 8. Let k be l(6). Suppose 0 = -9*o + 44 + k. Calculate the remainder when u is divided by o.
5
Suppose -2*f + 173 = 3*p - 24, -5*f = -2*p + 163. What is the remainder when p is divided by 3?
0
Let j = -528 - -1478. Suppose 0 = p - 20*p + j. Let c = -25 + 42. What is the remainder when p is divided by c?
16
Suppose 5*g + 5*n = -0 + 10, -2*n = 3*g - 11. Calculate the remainder when 13 is divided by g.
6
Suppose 21*k - 238 = 4*k. Suppose -7*l + k = -14. Calculate the remainder when 4 is divided by l.
0
Suppose -46 = 3*j - 193. Calculate the remainder when j is divided by 26.
23
Let d(l) = -11*l + 291. What is the remainder when d(16) is divided by 63?
52
Let i be 40/(4/(-2)) + -1. Suppose -6*g + 120 = -2*g. Let t = i + g. What is the remainder when 35 is divided by t?
8
Suppose 44*d - 59*d = -45. Let r = 11 - 4. What is the remainder when r is divided by d?
1
Suppose 0 = -5*f + 5*i + 35, -5*f - 5*i = -3*f + 14. Suppose t = f*a - 0*a + 50, 0 = -4*a + 4. What is the remainder when t is divided by 7?
4
Let w = 34 - 31. What is the remainder when 36 is divided by 0 - (-132)/10 - w/15?
10
Suppose 2*j + k = -4 - 63, 3 = 3*k. Let u = j - -46. What is the remainder when 35 is divided by u?
11
Suppose 0 = 2*y - 6 + 4. Calculate the remainder when ((-4)/(y - -1))/(1/(-14)) is divided by 12.
4
Suppose -3*q + k = 2*q - 155, -4*k = q - 52. Let o = q + -23. Calculate the remainder when 33 is divided by o.
6
Let h(v) = -10*v**2 + 2 - 6*v + 11*v**2 - 7 + 2. Calculate the remainder when 45 is divided by h(8).
6
Suppose -s - 2584 = -3*t + 3*s, -t + s = -860. Suppose -11*x = -3*x - t. What is the remainder when x is divided by 36?
35
Calculate the remainder when (-904)/(-6)*((-21)/(-6) + -2) is divided by 19.
17
What is the remainder when (108/(-21))/(3*(-4)/168) is divided by 32?
8
Let n = 4 + 0. Let k(m) = 9*m**2 + 2*m + 2. Calculate the remainder when k(-1) is divided by n.
1
Suppose -4*b - 267 = -359. Calculate the remainder when 194 is divided by b.
10
Let b = -111 - -114. Suppose -b*l + l = c - 305, 2*l = -2*c + 308. Calculate the remainder when l is divided by 14.
11
Let s(j) = -3*j + 13. Let b(o) = 8*o - 38. Let g(p) = 4*b(p) + 11*s(p). Let z = 30 + -16. Calculate the remainder when z is divided by g(-12).
2
Suppose -2*y - 5*f - 12 = 0, 0 = 5*y - 0*f + 5*f. Suppose 152 = 5*t - y*t. What is the remainder when t is divided by 31?
28
Let m(v) = v**2 + 9*v - 1. Let n be m(-7). Let h be ((-1)/2)/(5/220). Let s = n - h. What is the remainder when 12 is divided by s?
5
Let p = 265 + -257. What is the remainder when 182 is divided by p?
6
Suppose -5*r + 1914 = 8074. Let j be (-2)/(-15) - r/(-240). Let g = 12 + j. What is the remainder when 13 is divided by g?
6
Let m(j) = -10*j - 12. Let b be m(-13). Suppose 778 + b = 8*o. What is the remainder when o is divided by 38?
36
Let g(d) = 30*d + 5. Let v be g(7). Let n = -77 + v. Calculate the remainder when n is divided by 28.
26
What is the remainder when 32/10*(153/6 - -2) is divided by 20?
8
Let y(k) = 3*k**2 - k - 112. Calculate the remainder when y(-10) is divided by 68.
62
Suppose i + 6 = 11. Suppose -5*n = 4*t - 82 - 39, i*t + 2*n - 130 = 0. Calculate the remainder when t is divided by 9.
6
Suppose 4*s = 3*v + 637, -5*s + 4*v = -514 - 282. Let b = s - 17. What is the remainder when b is divided by 36?
35
Let z(j) = -8*j - 65. What is the remainder when 61 is divided by z(-12)?
30
Let l be ((-3)/6)/((-1)/6). Suppose 0*w + l*w + 3*s = 102, 0 = 5*s. Calculate the remainder when w is divided by 18.
16
Let d = 6 - 2. Suppose -79 = -d*h - 43. Calculate the remainder when 24 is divided by h.
6
Let m = -726 + 734. What is the remainder when 406 is divided by m?
6